ivided by k + n - (-2 - 1)?
20
Let t(u) = -5*u**2 + 4*u**2 + 2*u + 3 + 8*u - 2. Suppose -9*l + 1955 = 14*l. Calculate the remainder when l is divided by t(7).
19
Suppose 36 = -y - 0*y. Let u = -4 + 16. What is the remainder when 48 is divided by u/y - (-80)/6?
9
Suppose 4*o - 5*n - 18 = 0, -2*n - 12 = -4*o - 0*n. Suppose -3*h - 6 = 0, -2*h = o*m + 2*h - 74. What is the remainder when 161 is divided by m?
38
Let d be (-4)/8*(8 - 2). Calculate the remainder when 75/45 + (-532)/d is divided by 45.
44
Suppose -4*o = -3*i + 2, 6*o = 3*i + o + 2. Let y = i + -2. Suppose -2*h + 48 = 5*t + 9, -3*h - t = -26. Calculate the remainder when h is divided by y.
3
Suppose 3*t - 10 = 2*t. What is the remainder when (-50274)/(-1260) + 1/10 is divided by t?
0
Suppose 3*p - 520 = -7*p. Let r = -49 + p. What is the remainder when 3 is divided by r?
0
Let o = 18 + -11. Let d(w) = -3*w - 34. Let z be d(-13). What is the remainder when 15 + 3 + z/5 is divided by o?
5
Suppose -208 + 302 = -13*f + 770. Suppose 0 = 2*n - 5*n + 42. What is the remainder when f is divided by n?
10
Let v = -23 - -26. Suppose -5 = -5*g + 45. Let u = g + -1. What is the remainder when u is divided by v?
0
What is the remainder when (-36)/(-14)*630/60 is divided by 12?
3
Let y = -3 + 8. Suppose n = y*q + 4, -3*n + 112 = 5*q - 0*q. What is the remainder when n is divided by 12?
5
Suppose -6*u = -2*u + n - 112, 0 = -2*u - 3*n + 46. Calculate the remainder when 49 is divided by u.
20
Let k(g) = 3*g + 25. Let i be k(-13). Let h = i - -18. Calculate the remainder when h + (-112 + 1)/(-3) is divided by 21.
20
Suppose 0 = 33*r - 19*r - 406. Suppose -20 = u - 3*u. Calculate the remainder when r is divided by u.
9
Let g be (0 - (2 - -2)) + (-4)/(-1). Suppose 3*m - 12 = -3*w + 6*m, g = -w - 2*m + 4. What is the remainder when 9 is divided by w?
1
Let j(a) = -52*a - 56. What is the remainder when j(-5) is divided by 52?
48
Suppose 0 = 2*q - j + 25, -5*q - 3*j - 70 = 2*j. Let z(g) = -g**3 - 5*g**2 + 3*g - 5. Calculate the remainder when 339/9 + q/(-39) is divided by z(-6).
12
Suppose 2*u + 5 = -4*f - 1, -f - 5*u = 15. Suppose f*i - 200 = -4*i. Let l = -17 + i. Calculate the remainder when l is divided by 9.
6
Let s = -40 + 26. Let r = s + 23. What is the remainder when 25 is divided by r?
7
Let o(w) = -w**2 + 6*w - 8. Let y be o(2). Let k(f) = f**3 + 2*f + 32. What is the remainder when k(y) is divided by 11?
10
Suppose -7*p + 86 = -12. Suppose -4*f + 19 = -9. Let l = f - -32. Calculate the remainder when l is divided by p.
11
Let u = -362 + 374. Calculate the remainder when 42 is divided by u.
6
Let y = -143 + 267. What is the remainder when y is divided by 26?
20
Let g = -10 + 17. Let m(b) = b**3 + 6*b**2 + 3*b + 10. What is the remainder when m(-5) is divided by g?
6
Let j(h) = 5*h**2 - 2. Let l be j(-1). Suppose -2*t + 168 = 2*f, l*t + 51 = -2*f + 300. Calculate the remainder when t is divided by 41.
40
Suppose 4*j - a - 33 = 0, -3*j + 55 = 4*a + 16. What is the remainder when 17 is divided by j?
8
Let q = -32 - -18. Let m = 31 - q. What is the remainder when 84 is divided by m?
39
Suppose 4*q = 2*q + 14. Suppose -f - k = -5*k - 67, -4*f + 2*k + 268 = 0. Calculate the remainder when f is divided by q*-10*(-3)/6.
32
Let h(z) = 5*z - 104. Calculate the remainder when 45 is divided by h(24).
13
Let t = -1475 - -1572. What is the remainder when t is divided by 31?
4
Suppose 275 + 369 = 23*n. Calculate the remainder when 77 is divided by n.
21
Let t(k) = -52*k + 688. Calculate the remainder when t(13) is divided by 4.
0
What is the remainder when 214 is divided by (270/4)/5*(-28)/(-21)?
16
Suppose 5*h - 3*k - 110 = 0, h - 18 = -3*k + 22. Calculate the remainder when 25 is divided by h.
0
Let u be ((-8)/((-96)/(-18)))/((-6)/160). Suppose -2*f - 4*p + 72 = 0, -3*p - 11 = -2*f + u. What is the remainder when 89 is divided by f?
29
Suppose -v - 2 = 3*r - 16, 4*r = 5*v - 13. Let u = 171 - 83. Suppose r*o + 5*g + 31 = 6*o, 4*o = -5*g + u. What is the remainder when o is divided by 5?
2
Suppose 3*l + 3*k = 135, -3*l + 2*k + 133 = 3*k. What is the remainder when l is divided by 18?
8
Let s(h) be the first derivative of h**2/2 + 16*h + 3. What is the remainder when s(-4) is divided by 4?
0
Let b(a) = a**3 - 18*a**2 + 5*a + 3. Calculate the remainder when b(18) is divided by 20.
13
Let u(o) be the second derivative of -o**4/6 - 23*o**3/6 + 6*o. What is the remainder when u(-10) is divided by 11?
8
Suppose -10*c = -9*c - 66. Calculate the remainder when c is divided by 10.
6
Let c be (63/4)/((-20)/80). What is the remainder when c*4/12*-1 is divided by ((-1)/(-3))/((-1)/(-18))?
3
Suppose 4*r - 11*y = -7*y + 2104, 5*r + 4*y = 2630. What is the remainder when r is divided by 66?
64
Let m(u) = -8*u. Suppose -64 = -7*l + 2*l - h, 5*l - h - 66 = 0. Calculate the remainder when m(-3) is divided by l.
11
Let m = 141 - 39. Let f = -76 + m. What is the remainder when f is divided by 3?
2
Calculate the remainder when (-1464)/32*-4 + 8 is divided by 14.
9
Suppose 4*p = 11*p - 357. What is the remainder when p is divided by 9?
6
Let w(r) = -4*r + 16. Let l be w(4). Suppose -5*h - 4*m + 32 = l, -4*h + 2*m + 2 = -2*h. What is the remainder when 7 is divided by h?
3
Suppose 0*f - 213 = -3*f. Let d = 75 - f. Calculate the remainder when 21 is divided by d.
1
Suppose 5*a - 106 = 64*w - 68*w, -5*a = 3*w - 87. Calculate the remainder when (-1 + -167)*2/(-3) is divided by w.
17
Suppose 2*b - 68 = -2*b. Suppose -3*d - 2 + b = 0. Suppose -d*u - 36 = 5*t - 271, 2*t - 5*u = 108. What is the remainder when t is divided by 25?
24
Calculate the remainder when 121 is divided by 16/24 - 1/(-3)*109.
10
Let a = 61 - -12. What is the remainder when a is divided by 15/9*1/5*57?
16
Suppose -7*h = -2*h - 435. What is the remainder when h is divided by ((-19)/(-4) - (61 + -56))*-88?
21
Let m = 2 - -22. Suppose -3*v = 6*s - 297, 0 = -3*v - 3*s - 2*s + 293. Calculate the remainder when v is divided by m.
19
Let t(c) = c**3 + 40*c**2 + 40*c + 66. What is the remainder when 374 is divided by t(-39)?
23
Let x = 14 + -10. Suppose -2*o - h + 33 = x*h, o - 2*h - 12 = 0. Calculate the remainder when 27 is divided by o.
13
Let h(o) = o**3 - 31*o**2 - 30*o - 6. Calculate the remainder when 150 is divided by h(32).
34
Suppose -145*y = -141*y - 32. What is the remainder when -1 + -1 - (1 + -31) is divided by y?
4
Let h(x) = -x**2 + 2*x + 8. Let v be h(3). Suppose v*w - 10*w = -130. Calculate the remainder when w is divided by 5.
1
Let b(g) = -g**3 - 44*g**2 - 44*g - 23. Calculate the remainder when 436 is divided by b(-43).
16
Suppose h - 5*h + 16 = 0. Suppose 2*k - 176 = h*z, 9*k - 4*k - 365 = -5*z. Calculate the remainder when k is divided by (1 + 26)*(0 + 1).
24
Let x be (12/(-3))/((-3)/6). Let z(r) = 4*r + 1. Let p be z(x). Let d = 70 - p. What is the remainder when d is divided by 20?
17
Suppose -k = -12 + 1. Let t(n) = -n**2 + 11*n + 5. Let h(o) = 3*o**2 + 2*o - 6. What is the remainder when h(-4) is divided by t(k)?
4
Let z = 120 - 22. Calculate the remainder when z is divided by (1/(-3) + 0)*-75.
23
Suppose 0 = -17*u + 28*u - 187. Suppose p = -5*l + 44, 4*l - 3*p + 2 = 41. What is the remainder when u is divided by l?
8
Suppose 11*g - 2594 - 1707 = 0. Calculate the remainder when g is divided by 56.
55
Let m(b) = b**3 + 11*b**2 + 12*b + 17. What is the remainder when m(-9) is divided by 12?
11
Let r = 18 - 43. Let c = 14 - r. What is the remainder when c is divided by 20?
19
Suppose -4*b - 4*u = u - 738, -b + 2*u = -191. Calculate the remainder when b is divided by 114.
73
Suppose 1 - 1 = 5*i. Suppose k - 25 + i = 0. What is the remainder when 96 is divided by k?
21
Let i(j) = 39*j + 213. Calculate the remainder when 95 is divided by i(-5).
5
Let s be (-7 - -9)*121/2. Let j = -49 + s. Calculate the remainder when j is divided by 37.
35
Suppose 3*m + 28 = -5*p, m + 2 = -0*m + 2*p. Let z(u) = -u**3 - 5*u**2 - 2*u + 9. What is the remainder when z(m) is divided by 31?
26
Let d = -463 + 915. Suppose -4*h = -d + 12. Suppose h = -4*f + 9*f. What is the remainder when f is divided by 6?
4
Suppose 3*k - 6 = 3*g, 0 = -k - g - 3 - 1. Let u(x) = 9*x**2 + x + 2. Let b be u(k). Let y = -8 + b. Calculate the remainder when y is divided by 1.
0
Suppose -851 = -20*m